t is the greatest common factor of 1812 and 1176?
12
What is the highest common divisor of 342 and 111682?
38
Calculate the greatest common divisor of 57 and 32433.
57
Calculate the greatest common divisor of 158 and 158.
158
Calculate the greatest common factor of 1339352 and 56.
56
Calculate the greatest common divisor of 1524 and 10572.
12
What is the greatest common factor of 639 and 781?
71
What is the highest common divisor of 4472 and 591422?
1118
Calculate the highest common factor of 13515360 and 37.
37
What is the highest common divisor of 44 and 12204?
4
What is the greatest common divisor of 930520 and 4816?
344
Calculate the greatest common factor of 115598 and 4002.
46
Calculate the greatest common factor of 1449 and 28152.
207
Calculate the highest common factor of 6600 and 9480.
120
What is the highest common factor of 34922 and 931?
19
Calculate the greatest common divisor of 5610 and 16728.
102
What is the greatest common factor of 5103 and 172044?
729
Calculate the highest common factor of 92776 and 128.
8
Calculate the greatest common divisor of 1449 and 6292041.
483
What is the highest common factor of 54 and 107694?
18
Calculate the greatest common divisor of 360 and 27.
9
Calculate the greatest common divisor of 734 and 48077.
367
Calculate the greatest common factor of 1893664 and 646.
34
Calculate the highest common factor of 28073 and 201.
67
Calculate the greatest common factor of 10 and 91085.
5
What is the highest common divisor of 116694 and 162?
54
Calculate the greatest common factor of 91693 and 189.
7
What is the highest common factor of 3777111 and 27?
27
Calculate the highest common factor of 81 and 1725759.
27
What is the greatest common factor of 2150 and 17286?
86
Calculate the highest common divisor of 41662 and 222.
74
Calculate the greatest common divisor of 11424 and 153.
51
Calculate the highest common divisor of 41731 and 1247.
29
Calculate the greatest common factor of 87 and 11919.
87
What is the highest common factor of 107 and 68587?
107
What is the greatest common factor of 823561 and 25254?
1403
Calculate the greatest common factor of 827154 and 9.
9
Calculate the highest common divisor of 290360 and 119.
119
What is the highest common factor of 121 and 79552?
11
What is the highest common divisor of 27573 and 364?
91
Calculate the highest common factor of 2919 and 952.
7
What is the highest common factor of 57938 and 8347?
491
What is the greatest common divisor of 1109304 and 1420?
284
Calculate the highest common factor of 199333 and 53.
53
Calculate the greatest common divisor of 1008 and 44208.
144
Calculate the greatest common divisor of 39837 and 2981.
271
What is the highest common divisor of 5977 and 973?
139
What is the highest common factor of 13 and 2522182?
13
What is the greatest common divisor of 110 and 46530?
110
What is the greatest common divisor of 6104 and 42?
14
Calculate the highest common divisor of 34640 and 400.
80
Calculate the greatest common factor of 161316 and 24.
12
Calculate the greatest common divisor of 6846 and 63.
21
Calculate the highest common divisor of 50575 and 525.
175
What is the greatest common factor of 249782 and 4901?
169
What is the greatest common divisor of 251 and 2796391?
251
What is the highest common factor of 141 and 4821?
3
Calculate the highest common factor of 61 and 513681.
61
Calculate the greatest common divisor of 9 and 668673.
9
What is the highest common divisor of 6622 and 1848?
154
What is the greatest common divisor of 216 and 21912?
24
Calculate the greatest common divisor of 931 and 84569.
19
What is the highest common factor of 887293 and 11?
11
Calculate the highest common divisor of 53640 and 3960.
360
Calculate the greatest common divisor of 15 and 4089.
3
What is the greatest common factor of 140 and 343364?
28
What is the highest common factor of 259 and 11116?
7
Calculate the greatest common divisor of 40 and 777160.
40
What is the highest common factor of 168 and 2578632?
168
What is the highest common divisor of 123590 and 1445?
85
Calculate the greatest common factor of 6 and 928842.
6
Calculate the greatest common divisor of 37035 and 180.
45
What is the highest common factor of 73567 and 13?
13
What is the greatest common divisor of 475 and 16853?
19
Calculate the highest common divisor of 5732792 and 104.
104
What is the highest common divisor of 72 and 96648?
24
Calculate the greatest common divisor of 132096 and 129.
129
What is the highest common divisor of 117440 and 480?
160
Calculate the highest common divisor of 3832 and 268.
4
Calculate the highest common divisor of 45239 and 1121.
19
Calculate the greatest common factor of 288 and 180648.
72
What is the highest common divisor of 2 and 2998?
2
Calculate the greatest common factor of 470 and 33910.
10
Calculate the greatest common divisor of 11 and 9647.
11
What is the greatest common factor of 7428088 and 152?
152
What is the highest common divisor of 162 and 1767?
3
Calculate the greatest common divisor of 84 and 158412.
12
What is the highest common divisor of 228 and 205740?
12
Calculate the greatest common factor of 480 and 480.
480
What is the greatest common divisor of 4532 and 1232?
44
What is the greatest common divisor of 297 and 8397?
27
Calculate the highest common divisor of 28601 and 629.
37
Calculate the highest common factor of 79856 and 7406.
322
What is the greatest common divisor of 21906 and 539131?
1217
What is the greatest common factor of 2031 and 1150900?
677
Calculate the greatest common divisor of 3921324 and 132.
132
Calculate the highest common factor of 14276 and 1376.
172
What is the greatest common divisor of 3550 and 34577?
71
Calculate the highest common factor of 270 and 5805.
135
What is the greatest common divisor of 921 and 54032?
307
Calculate the highest common factor of 481 and 136049.
37
Calculate the highest common divisor of 231 and 10794.
21
What is the greatest common factor of 207 and 74934?
207
Calculate the greatest common factor of 10879 and 4255.
23
What is the highest common divisor of 18001 and 423?
47
What is the highest common divisor of 3404 and 50669?
23
Calculate the highest common factor of 79783 and 77.
11
What is the highest common divisor of 265 and 1215661?
53
What is the greatest common divisor of 2842 and 84?
14
What is the greatest common factor of 688 and 10576?
16
Calculate the highest common divisor of 1502 and 16711252.
1502
What is the greatest common divisor of 18853 and 165241?
1109
What is the greatest common divisor of 42504 and 18788?
308
What is the greatest common divisor of 3720 and 44547?
93
Calculate the greatest common factor of 5980 and 920.
460
What is the highest common factor of 9 and 904221?
9
What is the highest common factor of 10583 and 226699?
557
Calculate the greatest common divisor of 2575 and 575.
25
What is the greatest common divisor of 18488 and 24?
8
What is the greatest common divisor of 9900 and 80?
20
What is the highest common divisor of 10011 and 2256?
141
Calculate the highest common factor of 58 and 1103798.
58
What is the greatest common divisor of 196572 and 12?
12
Calculate the highest common divisor of 24 and 1189392.
24
Calculate the highest common divisor of 63 and 278325.
9
What is the highest common factor of 1024 and 4816?
16
What is the greatest common divisor of 840 and 77448?
168
Calculate the greatest common factor of 157002 and 8220.
822
Calculate the highest common divisor of 251635 and 17913.
853
What is the highest common divisor of 23 and 185587?
23
What is the greatest common divisor of 71016 and 1947?
33
What is the greatest common factor of 2298 and 425896?
766
What is the highest common divisor of 6351 and 11658?
87
Calculate the highest common divisor of 12725 and 142011.
509
What is the greatest common divisor of 3228 and 46656?
12
Calculate the highest common divisor of 35 and 575890.
35
What is the greatest common divisor of 1963465 and 105?
35
Calculate the greatest common divisor of 137314 and 76393.
967
What is the greatest common divisor of 567 and 243?
81
What is the highest common factor of 364 and 43706?
26
Calculate the greatest common factor of 60 and 67332.
12
Calculate the highest common factor of 31341 and 744